uate -21 + 26 + 5 + 3.
13
What is the value of (-417 - -422) + 7 + (-1 - -2)?
13
Evaluate -4 - (6 - (5 - 1 - -9)) - 6.
-3
3 + -14 + 6 - -2
-3
Evaluate -34 + -42 + -2 + 39.
-39
8 + 0 - (1 + (5 - (7 + -6)))
3
(15 - (7 + 2)) + (70 - 88)
-12
Evaluate (-5 - -14 - 12) + -3 + 13.
7
13 + -2 - ((-21 - 2) + 18) - -7
23
Evaluate 0 - 11 - (5 + 2 + -6 + -11).
-1
Calculate 3 - 1 - (-5 - (9 - 10)).
6
What is the value of (-3 - -1) + (1 + (0 - 5) - -9)?
3
-107 + 134 + (-16 - 7)
4
Evaluate -16 - (10 + -19 + -17).
10
(-18 - (-6 - 8)) + -1 + 7 + 0
2
What is the value of (-23 - -10 - -1) + (-7 - -11)?
-8
Calculate (9 - ((11 + -6 - 1) + -5)) + -4.
6
Evaluate 11 - 5 - 0 - 6.
0
What is 1 + 19 + 104 + -101?
23
14 - (23 + (-9 - -3)) - 1
-4
What is 14 + (-1 + -1 - (-3 - -4) - -4)?
15
What is the value of 12 - (-9 + (11 - 26 - -4))?
32
What is the value of 3 + (22 + -28 - -11)?
8
What is the value of 19 + 1 + -2 + 4 + (-20 - -16)?
18
What is 130 - 69 - (-1 + 26)?
36
What is the value of -18 - (-3 + 13 + -16)?
-12
What is the value of 15 - (-1 + 19 - 14)?
11
What is the value of 5 + 9 + -24 + (-2 + 6 - 0)?
-6
What is the value of 11 + -3 + 0 - (-9 - -4 - -30)?
-17
Calculate -1 - 48 - (275 - 306).
-18
Calculate (-6 + 23 - 25) + (0 - -14).
6
What is 2 - -3 - (11 - (-14 - (3 - 10)))?
-13
What is 15 - (-7 + 28) - -11?
5
18 + -18 - (8 + -18)
10
Calculate 1 + 4 - (101 + -91) - 0.
-5
Calculate 13 + -2 - (37 - 26 - -13).
-13
What is ((-5 - 3) + 7 - (1 + -3)) + 13?
14
Evaluate -13 + 0 + (26 - -18 - 49).
-18
Evaluate 7 + -2 + 7 + 0 + 3.
15
Evaluate -5 + 22 - ((1 - 0) + -3 - -4).
15
Evaluate 0 + 2 - (-3 + -1 + 5 + -6).
7
-4 - 31 - (-11 - -10) - -9
-25
What is the value of (-13 - (-14 - 12)) + 10 - 7?
16
What is the value of (9 + 15 - 57) + 27 - (-10 - 0)?
4
Evaluate 0 + 28 + 16 + -19.
25
What is -2 + 6 - (-72 + 72 - (-2 - -3))?
5
What is the value of (50 + -20 - 17) + -3?
10
What is the value of (1 + 5 - (64 + -54)) + 1 + 20?
17
What is 25 + (9 - 28) + -5 + 18?
19
Evaluate 6 - (4 + 1 + 8).
-7
What is the value of 2 - (-18 - -33) - -20?
7
What is 4 - (1 + 22 - (-4 + -2 - -14))?
-11
Calculate -9 + -1 + (-32 - -36) + (10 - 4).
0
What is 7 + (-27 - (-15 - (-3 + -9)))?
-17
What is -8 + -61 + 73 + 2 + 0 + -9?
-3
What is -37 + (30 - 17) - -21?
-3
What is (1 - -2) + 5 - (21 - 5)?
-8
Evaluate (-33 - -18) + (0 - -15).
0
Calculate -26 + (9 - (-6 + -28)).
17
(-3 - -14 - 7) + (-2 - (-11 + 1))
12
Calculate 15 - (4 + 15 - -2).
-6
(-8 - 9) + 8 + 8 + -11
-12
(18 + -34 - 3) + 9
-10
-8 + (-7 - -7) - (-1 + -6)
-1
What is the value of -2 + -3 - -2 - (5 + 0)?
-8
What is -16 + (2 - (26 + -19))?
-21
What is (-13 - -10) + -4 + -2 - -10?
1
Evaluate 49 - 36 - (0 - -2).
11
Calculate 6 - (6 + 3 + -1 + (-3 - -13)).
-12
Calculate 9 + -12 - (-2 + 32).
-33
Calculate 11 + -4 + 0 + (8 - 13 - -24).
26
What is the value of -23 - ((15 - 5 - -1) + -17)?
-17
Calculate -3 - -3 - ((-8 - -5 - 0) + -4).
7
What is the value of -1 + (0 - 5) + -5?
-11
What is -10 - -2 - (-4 - (-5 - (-7 + 5)))?
-7
What is 7 - ((-26 - -15) + 16)?
2
7 - -14 - (-116 + 112)
25
Evaluate -9 + -15 + -9 + 24 - (-1 - -8).
-16
(2 - 3) + 13 + 5 - (2 - 0)
15
Evaluate -5 + -2 + (-9 - -13) + 10.
7
What is (-26 - 4) + -27 + 39?
-18
What is the value of 0 + (14 - ((2 - -1) + (21 - 21)))?
11
Calculate 1 - 16 - (-29 - -5).
9
Calculate -3 + (-34 - -65) - 59.
-31
3 + -24 + (24 - 21)
-18
What is 2 + 2 + (-3 - -8) + -3 + -4?
2
Calculate -2 - -4 - (29 - 7).
-20
What is -3 + (7 - (0 - (3 - 11)))?
-4
-9 - (-3 - -22 - (21 - (-2 - -20)))
-25
(-16 + 13 + 18 - 5) + -4
6
(8 - 0) + (2 - (-8 + 34 + 1))
-17
Calculate (2 - -1) + (-1 - (-5 - (-5 - 8))).
-6
(-20 + 4 - -15 - (1 + 2)) + 5
1
-2 + -22 + 28 + -5
-1
Evaluate 1 + 16 + 1 + (-4 - -4 - 6).
12
(-1 - 6) + -4 + (0 - -6 - 3)
-8
Calculate -3 - -3 - (32 + (-16 - 25)).
9
Calculate -16 + (-20 - -31) - (-10 - -1).
4
Calculate 5 + -2 + -27 + 25.
1
What is 1 + 0 + -56 + 54?
-1
What is 12 - -1 - (-11 - (39 - 60))?
3
Evaluate 0 + -10 + -132 + 132.
-10
Evaluate 1 + -1 + (-6 - (1 + -2 + -3)).
-2
Calculate (3 - 13 - (35 - 38)) + -1 + -1.
-9
Calculate 49 + -85 - (-39 + 14).
-11
-3 + 1 + 2 + (-4 - 4 - -3)
-5
Evaluate -1 - 3 - (-17 + 17 + -10).
6
What is the value of (-7 - (4 + -11)) + 7 + (4 - 6)?
5
Calculate (5 - 1 - (9 + -12)) + (3 - 5).
5
What is the value of 34 + 2 + -58 + 21?
-1
Evaluate (4 - (13 + -5)) + (6 - 1).
1
What is 1 + (16 - 25 - -14)?
6
What is 20 - ((11 - 19) + 43)?
-15
What is 6 + -16 + 14 + -5 + -2?
-3
What is -4 + -21 + 17 - -31?
23
-12 + (30 - (-20 - -7 - -14))
17
What is the value of -25 - (-21 - 2) - 8?
-10
What is 8 - (-2 + 1 + 4)?
5
Evaluate -13 + (4 - 2 - (-36 - -27)).
-2
Evaluate (-10 - -20) + -22 + 14.
2
What is 4 + (-2 - 3) - (-3 - -12)?
-10
Calculate 28 + -15 - 23 - -30.
20
Calculate -11 + 1 - (2 + -7 + (-4 - -9)).
-10
Evaluate 1 - ((-139 - -150) + -6 + -1).
-3
What is the value of 3 + -12 + 4 + 4 + -3 + 0?
-4
-4 - 1 - (43 + -54)
6
What is the value of (475 - 453) + (-19 - 0)?
3
Calculate (7 - 6) + -4 - -12 - -2 - -21.
32
What is the value of -25 - -3 - (-40 + 22 + 24) - -9?
-19
Evaluate (-4 - -3) + 14 + -23.
-10
Calculate 2 + 4 + (-8 - (22 + -10)).
-14
Evaluate 1 - (16 - 10 - -6).
-11
What is -15 + (7 + 11 + -14 - 5)?
-16
15 + 0 + 12 + -33
-6
Calculate -18 + 2 + 3 + 6 + 6.
-1
Calculate (28 - 52) + 3 + 5 + (-1 - -7).
-10
What is the value of -82 + 86 + -8 + 0?
-4
(99 - (58 + 42)) + (-16 - 0)
-17
Calculate 1 - -7 - (-7 + (-2 - -2) + 20).
-5
What is 16 + (-2 - 12) + 2 + 4?
8
Evaluate 14 + (3 - -3) + -30.
-10
Evaluate 22 + ((-2 - 4) + 2 - -4) + -7.
15
4 + (5 - (8 - 7) - 18) + -8
-18
What is -15 + -13 + 74 + -25?
21
Calculate -4 - (-37 - 7) - ((-2 - -12) + 1).
29
13 + -14 - (-3 - -15)
-13
What is 22 - (-12 + 25 - -4)?
5
Calculate -20 - (37 + -35) - (-7 - 3).
-12
Evaluate 20 - 1 - (-61 + 84) - 5.
-9
What is 26 - 13 - 18 - (-9 - (6 + -3))?
7
What is the value of (34 + 12 - 13) + -11?
22
Calculate -37 + 24 + 33 - 22.
-2
Calculate 5 + 1 - (8 - (-2 + 7 - 2)).
1
What is the value of -2 + 19 - (-37 - -37)?
17
Calculate (-1 - -1) + (1 - 3) + (39 - 40).
-3
What is -6 + 1 - -2 - (-2 - (-9 - -5))?
-5
Evaluate (384 - 358) + -9 + 1 + 2 + -1.
19
What is -3 + 10 - (-50 + 55)?
2
-14 - (-4 - 9) - -4 - (4 + -25)
24
What is the value of 1 + -1 + 2 + (-14 - (-5 - 1))?
-6
What is 22 + -40 + 12 + 4?
-2
What is the value of (-1 - 5) + (44 - 44) - -7?
1
(163 - 189) + (28 - 1)
1
Evaluate -3 + (3 + -1 - 1) + 216 + -196.
18
What is (35 - (24 - 0)) + (10 - -1)?
22
Evaluate -12 + 4 + -16 + 16.
-8
7 + (-4 + 0 - (8 + -20 + 4))
11
Calculate (-7 - (-5 - -11 - 18)) + 6.
11
Calculate 13 - 1 - (102 - 94) - 1.
3
Evaluate 19 + -23 - (0 - 12) - 25.
-17
Calculate 1 + 1 + -10 - (24 + 71 - 124).
21
Calculate (-14 - 21) + -19 - -23.
-31
What is 2 + (7 - (9 - (2 + 12)))?
14
Calculate -5 - 20 - -18 - 6.
-13
Calculate -3 + (-9 - (0 - (10 + -3))).
-5
Evaluate (17 - 36 - -47) + -32.
-4
What is the value of -30 + (111 - 38) - (-2 + 18)?
27
Calculate (11 - (-6 - (-6 - 9))) + (-1 - 0).
1
Evaluate -8 + (16 - 6 - -2) - 8.
-4
Calculate (7 - -28) + (0 - 6) + (-22 - -21).
28
Calculate 2 + (-9 - (-7 + -6)).
6
Evaluate (-6 - -8) + 8 - 25.
-15
Calculate -104 + 77 - (-6 + 5 - 1).
-25
What is the value of 22 + 0 - 17 - (31 + -3)?
-23
Calculate -49 + (-1 - -38) + 18.
6
Calculate -4 - (36 - 45) - (1 - 2 - 5).
11
-13 - (8 + (8 - 27)) - -12
10
What is -1 - ((-1 - -3) + 13 + -7)?
-9
What is the value of 53 + -52 - (-4 - -4 - 3 - 1)?
5
-1 - 1 - -8 - (6 + 6 + -8)
2
6 + (-5 - (-2 + 0)) + (9 - 5)
7
Calculate 4 - (26 + 11 - 14).
-19
What is (-28 - -6) + -54 + 94?
18
Calculate (4 - -37 - 31) + 10.
20
Calculate (0 - (-9 - -2)) + (4 - 18).
-7
What is -6 - 0 - -6 - ((2 - 4) + -9)?
11
What is the value of 7 - (-13 + 12 - -3)?
5
Evaluate (28 - 20 - 24) + (42 - 0).
26
What is -11 + 26 + -9 - -3?
9
Calculate 6 + (0 + 3 - 2 - (-5 + 3)).
9
(-1 - (3 - 0)) + 36 + -30
2
What is -10 + -23 + 26 + -1 + 4?
-4
What is -70 + 65 + (-10 - -2)?
-13
(9 - 7) + 1 + -8 - (7 + -2)
-10
Calculate 2 - (-1 + 4) - (-4 - 2 - 9).
14
What is the value of (0 - -5 - 3) + (8 - 1) + -1?
8
Evaluate 1 + 13 - (-262 + 295).
-19
(4 - (29 + -33)) + -39
-31
Calculate 5 - 3 - -5 - (4 + -3 + -15).
21
Calculate -7 - ((-8 - -3) + (13 - -19)).
-34
What is -1 + -6 + -3 + 8 + -11?
-13
(-14 - -13) + -3 + -1 + -10
-15
-11 + 12 + 1 + (1